 -4 + 500410522?
500410514
In base 15, what is ac + -be2?
-b35
In base 8, what is 3300104 - 47?
3300035
In base 15, what is 2b - -50042?
5006d
In base 9, what is -2074 - -5666?
3582
In base 3, what is 22022021201210102 - -2?
22022021201210111
In base 5, what is -2230001 + -1124?
-2231130
In base 10, what is -328842 - -678?
-328164
In base 12, what is 7 - -1a20771?
1a20778
In base 13, what is -245100c7 + 5?
-245100c2
In base 8, what is 44771 - 266?
44503
In base 7, what is -24564301 - -5?
-24564263
In base 4, what is 100001120 + -12200?
33322320
In base 12, what is 13491 - -429?
138ba
In base 6, what is 12133 - 25314?
-13141
In base 2, what is -100010 + -1011100111111111101?
-1011101000000011111
In base 10, what is -3481 - 1957?
-5438
In base 12, what is 13 + -73b62b?
-73b618
In base 4, what is 1002002103200 + 1?
1002002103201
In base 7, what is 11 + -552421056?
-552421045
In base 10, what is 4 + 311880526?
311880530
In base 4, what is 12130322220321 - 12?
12130322220303
In base 14, what is -23 + 1042d5?
1042b2
In base 13, what is 3098b + 95?
30a53
In base 8, what is 33777617 + -2?
33777615
In base 5, what is -1440223 + 30242?
-1404431
In base 14, what is 54649a + -5?
546495
In base 12, what is 156aa19 + a?
156aa27
In base 2, what is 111110 - -100000011101100010000?
100000011101101001110
In base 5, what is 3232 - 214133413?
-214130131
In base 2, what is 101111110000101110000100001 - -10?
101111110000101110000100011
In base 8, what is 5 + 142504533?
142504540
In base 8, what is -41644474 + -5?
-41644501
In base 13, what is b + 157966?
157974
In base 9, what is 4 - -208217711?
208217715
In base 3, what is -21101002 - 20022020?
-111200022
In base 16, what is 27d60 - -175?
27ed5
In base 14, what is -5c461 - -13?
-5c44c
In base 13, what is 4688 - -24b92?
2954a
In base 14, what is 5 + -2751564d?
-27515648
In base 12, what is 31176ba + 6?
3117704
In base 7, what is -351425 + -250?
-352005
In base 13, what is 2 - -3786c3?
3786c5
In base 3, what is 10201020000212120111 + 1?
10201020000212120112
In base 15, what is 9c63 - -2e4?
a057
In base 4, what is 1201032012000 - -23?
1201032012023
In base 2, what is 101010010100 - -10000000000?
111010010100
In base 5, what is -130031 + 10431?
-114100
In base 14, what is 108 + 102693?
10279b
In base 6, what is 102503012425 + -3?
102503012422
In base 13, what is -420273 - -4?
-42026c
In base 15, what is d4d6c6 - -3?
d4d6c9
In base 2, what is -1100101100001100000110 + -1?
-1100101100001100000111
In base 11, what is 5 + -12701846?
-12701841
In base 13, what is -39b2303 + -9?
-39b230c
In base 9, what is 34 - 1213550?
-1213515
In base 4, what is -20302 + -2312010?
-2332312
In base 3, what is 121112211 + 102201?
121222112
In base 13, what is 44c06c + 45?
44c0b4
In base 16, what is -5 - 2446692?
-2446697
In base 7, what is -12526 + -145352?
-161211
In base 14, what is -2 - 4535530?
-4535532
In base 14, what is 2b - -1d84b15?
1d84b42
In base 9, what is -10 - 16088172?
-16088182
In base 15, what is -2ecd1b9 - 14?
-2ecd1cd
In base 7, what is 1541213321 - 5?
1541213313
In base 14, what is -206460 - 1?
-206461
In base 6, what is -3140333 + -310?
-3141043
In base 12, what is 5 + a8a770?
a8a775
In base 5, what is -4 - 2043324134?
-2043324143
In base 5, what is 123102031 - 120?
123101411
In base 7, what is -453 - 355360?
-356143
In base 14, what is -4b54 + 34b8c?
30038
In base 5, what is 2034 - 1200140?
-1143101
In base 9, what is -4 + 68225071?
68225066
In base 10, what is 4 - 4271819?
-4271815
In base 7, what is 130405 - 24102?
103303
In base 14, what is 1 + -633777?
-633776
In base 9, what is -626424 + -5?
-626430
In base 9, what is 144384 - -1033?
145427
In base 12, what is -767 - -1905?
115a
In base 3, what is -10 + -1120000022012101?
-1120000022012111
In base 10, what is -6356632 - 130?
-6356762
In base 9, what is 27188 + 3230?
31428
In base 11, what is -9003 - 25a1?
-105a4
In base 12, what is 34bb - -4275?
7774
In base 8, what is -22 + -422167?
-422211
In base 8, what is -12055 - -21242?
7165
In base 6, what is -1535 - -41355042?
41353103
In base 4, what is -101122 - -1101201?
1000013
In base 9, what is 3 + 10622573?
10622576
In base 15, what is 4 - d23c0?
-d23bb
In base 13, what is 9 + 1b63b8?
1b63c4
In base 9, what is -106 + 15215?
15108
In base 11, what is -659 + -1281?
-192a
In base 5, what is -34104342432 + 10?
-34104342422
In base 11, what is -6258a39 + -5?
-6258a43
In base 6, what is -5 - 24331555?
-24332004
In base 6, what is 3 + -25003114?
-25003111
In base 9, what is -10386 - -8215?
-1171
In base 11, what is 9535a75 - 5?
9535a70
In base 6, what is 12004002 - -112?
12004114
In base 6, what is -32 - 20004024?
-20004100
In base 14, what is -10a5c065 + 0?
-10a5c065
In base 4, what is 133213 - 3033313?
-2300100
In base 9, what is 18037 - -688?
18736
In base 16, what is -fef + 11e5?
1f6
In base 15, what is -285e8 - -19?
-285ce
In base 5, what is -243400 - -2124?
-241221
In base 5, what is 20300 - -4114113?
4134413
In base 9, what is 16613016 - -2?
16613018
In base 8, what is -10 - 14433266?
-14433276
In base 9, what is -7160881 + 6?
-7160874
In base 9, what is 477 - 65366?
-64778
In base 4, what is -233211 - -2021113?
1121302
In base 12, what is 1a4 - -23a69?
24051
In base 10, what is -8 + 6867781?
6867773
In base 11, what is -5 - -1540162?
1540158
In base 16, what is 0 - 14c9da?
-14c9da
In base 12, what is 1852963 + 2?
1852965
In base 6, what is 13311441 + 1532?
13313413
In base 5, what is 241 - -131432131?
131432422
In base 14, what is -3 + -64b38c?
-64b391
In base 11, what is -24a9a63 - 4?
-24a9a67
In base 9, what is 1450 + -20021?
-17461
In base 6, what is -241 + 5132434?
5132153
In base 14, what is -2c0 + -d962?
-dc42
In base 7, what is 634401 + -150?
634221
In base 16, what is -a - c89315?
-c8931f
In base 11, what is 5 + 3134134?
3134139
In base 12, what is 8884b0 + -3?
8884a9
In base 14, what is -53a0d4 + 1?
-53a0d3
In base 10, what is 24 - -287486?
287510
In base 12, what is 59 + 2ba0?
3039
In base 13, what is -a20683b - -1?
-a20683a
In base 4, what is 13 + 232003333113?
232003333132
In base 4, what is 1113130 + 202312?
1322102
In base 6, what is -530 + 4305432?
4304502
In base 8, what is -17 + 6575124?
6575105
In base 8, what is -42 + 110614?
110552
In base 5, what is -30123 + -1403340?
-1434013
In base 5, what is 1 - 20222010232?
-20222010231
In base 5, what is 102110304 - 102?
102110202
In base 11, what is 106 - -10a6?
1201
In base 14, what is d14c2 - 1a?
d14a6
In base 9, what is -13754555 - 2?
-13754557
In base 8, what is -644 + -425552?
-426416
In base 10, what is 10085599 - 24?
10085575
In base 2, what is 110101100111000011 - 0?
110101100111000011
In base 2, what is 10010100101100101011 - -1011?
10010100101100110110
In base 15, what is 32 - 9ca86d?
-9ca83b
In base 7, what is 1261 - 123050?
-121456
In base 14, what is 21a60c + 4?
21a612
In base 10, what is -7667 - 615?
-8282
In base 10, what is -676866 + 1?
-676865
In base 7, what is -24653 + 1162215?
1134232
In base 14, what is a5d8a + a9?
a6055
In base 9, what is 886586 - 544?
886042
In base 15, what is 1d7 - 4be76c?
-4be585
In base 7, what is 55 + 1256526?
1256614
In base 2, what is 11011110011110011 - -101000000010?
11100011011110101
In base 12, what is 5057 + -8052?
-2bb7
In base 4, what is 202302 + -3022023?
-2213121
In base 8, what is -10664377 + -10?
-10664407
In base 11, what is -a14971a + -5?
-a149724
In base 15, what is 0 - 2424cedc?
-2424cedc
In base 12, what is -4894 + -10b70?
-15844
In base 8, what is 267 + -3131015?
-3130526
In base 7, what is 10 - -36034?
36044
In base 2, what is -1 - 11100001111111101110000010?
-11100001111111101110000011
In base 12, what is 1399 + 11a1?
257a
In base 3, what is 120222 - 200202020?
-200011021
In base 14, what is -113a11 - -14d?
-1138a2
In base 16, what is -4 + -4d6b63?
-4d6b67
In base 13, what is c2c3b42 + -5?
c2c3b3a
In base 13, what is -312630 + 1a?
-312613
In base 3, what is -1002222002022 + -2110?
-1002222011202
In base 3, what is -121200211220 + 1010?
-121200210210
In base 2, what is -11011111 + -10000011001010010?
-10000011100110001
In base 14, what is 53853 + b7?
5392a
In base 5, what is 1010040043 - 3?
1010040040
In base 8, what is -240630 + -1104?
-241734
In base 8, what is 540 - 5302?
-4542
In 